{"id":112,"date":"2016-02-16T15:04:11","date_gmt":"2016-02-16T15:04:11","guid":{"rendered":"http:\/\/demo.athemes.com\/astrid\/?page_id=112"},"modified":"2019-11-14T19:44:30","modified_gmt":"2019-11-14T18:44:30","slug":"service-4","status":"publish","type":"page","link":"https:\/\/compagnons-codeurs.com\/?page_id=112","title":{"rendered":"D\u00e9veloppements d&rsquo;Applications"},"content":{"rendered":"<p><span style=\"font-weight: 400;\">Nous sommes en capacit\u00e9 de donner vie \u00e0 tous vos projets internet, par les technologies les plus r\u00e9centes. Sp\u00e9cialis\u00e9s sous AngularJS, PHP, NodeJS, nous proposons \u00e9galement du WordPress, pour intervenir avec pertinence dans le cadre de votre environnement. Il peut s&rsquo;agir d&rsquo;un simple site Web d&rsquo;une page pour repr\u00e9senter votre entreprise ou d&rsquo;un grand projet pour un processus m\u00e9tier complexe.<\/span><\/p>\n","protected":false},"excerpt":{"rendered":"<p>Nous sommes en capacit\u00e9 de donner vie \u00e0 tous vos projets internet, par les technologies les plus r\u00e9centes. Sp\u00e9cialis\u00e9s sous AngularJS, PHP, NodeJS, nous proposons \u00e9galement du WordPress, pour intervenir avec pertinence dans le cadre de votre environnement. Il peut [&hellip;]<\/p>\n","protected":false},"author":1,"featured_media":529,"parent":0,"menu_order":2,"comment_status":"closed","ping_status":"closed","template":"page-templates\/single-service.php","meta":{"_exactmetrics_skip_tracking":false,"_exactmetrics_sitenote_active":false,"_exactmetrics_sitenote_note":"","_exactmetrics_sitenote_category":0,"_monsterinsights_skip_tracking":false,"_monsterinsights_sitenote_active":false,"_monsterinsights_sitenote_note":"","_monsterinsights_sitenote_category":0,"footnotes":""},"class_list":["post-112","page","type-page","status-publish","has-post-thumbnail","hentry","clearfix"],"aioseo_notices":[],"_links":{"self":[{"href":"https:\/\/compagnons-codeurs.com\/index.php?rest_route=\/wp\/v2\/pages\/112"}],"collection":[{"href":"https:\/\/compagnons-codeurs.com\/index.php?rest_route=\/wp\/v2\/pages"}],"about":[{"href":"https:\/\/compagnons-codeurs.com\/index.php?rest_route=\/wp\/v2\/types\/page"}],"author":[{"embeddable":true,"href":"https:\/\/compagnons-codeurs.com\/index.php?rest_route=\/wp\/v2\/users\/1"}],"replies":[{"embeddable":true,"href":"https:\/\/compagnons-codeurs.com\/index.php?rest_route=%2Fwp%2Fv2%2Fcomments&post=112"}],"version-history":[{"count":0,"href":"https:\/\/compagnons-codeurs.com\/index.php?rest_route=\/wp\/v2\/pages\/112\/revisions"}],"wp:featuredmedia":[{"embeddable":true,"href":"https:\/\/compagnons-codeurs.com\/index.php?rest_route=\/wp\/v2\/media\/529"}],"wp:attachment":[{"href":"https:\/\/compagnons-codeurs.com\/index.php?rest_route=%2Fwp%2Fv2%2Fmedia&parent=112"}],"curies":[{"name":"wp","href":"https:\/\/api.w.org\/{rel}","templated":true}]}}